cond derivative of a**5/20 - a**4/3 + a**3/6 + a**2/2 - 11*a. Determine z(3).
-5
Let y(z) be the second derivative of -1/3*z**3 + 3*z + 3/2*z**2 + 0. Give y(4).
-5
Let q(z) = 3*z**2 + 6*z - 6 + z**2 - 5*z**2. Let k(w) = w**2 - 3*w - 13. Let i be k(6). Calculate q(i).
-1
Let a(l) = -4*l**2 + 3*l - 1. Let q(i) = -9*i**2 + 5*i - 1. Let k(o) = 7*a(o) - 3*q(o). What is k(4)?
4
Suppose -4 = 2*m - 6. Let s(r) = -r + 2. Let a be s(m). Let q(v) = -a + v + 3*v + 0. Give q(-1).
-5
Let j(d) = 11*d**3 - 3*d**2 + d - 3. Let c(u) = -7*u**3 + 2*u**2 - u + 2. Let y(r) = -7*c(r) - 5*j(r). Suppose 4*x = -3*t + 2, x = -x + 4*t - 10. Give y(x).
6
Suppose -2*b - 4 = -b. Let m(d) be the second derivative of -d**5/20 - 5*d**4/12 - 5*d**3/6 - 3*d**2 + 2*d. Determine m(b).
-2
Let k = -10 + 12. Let w(h) = 0*h + 4 - 7 + 7*h + h**k - 3. What is w(-7)?
-6
Let j(r) be the second derivative of -r**5/20 - r**4/6 + r**3/2 + 3*r**2/2 + 2*r. Let l(k) = k**3 + 5*k**2 + 2*k - 14. Let m be l(-3). Determine j(m).
-3
Suppose 6*u - 5*u = 4. Let r(p) = p**3 - 5*p**2 + 5*p - 5. What is r(u)?
-1
Let j = 9 + -5. Let m(y) = 7*y + 6*y**2 + 20 + 8*y + 0*y + 0*y. Let a(u) = -u**2 - 3*u - 4. Let w(q) = -11*a(q) - 2*m(q). What is w(j)?
0
Suppose -4*d = 2*q - 16, -5*d = q - 9 - 5. Let o(m) = 3*m**2 + 2*m**d + 2*m + 3*m - 6*m**2. Determine o(6).
-6
Suppose c + 2 = 4*v, 3*c - 1 = 2*v + 3*v. Suppose -c*b + 0 + 10 = 0. Let t(g) = -3*g + 3. Calculate t(b).
-12
Let b = -2 + 0. Let z be (-10)/((-1 - b) + -3). Suppose -o = -z*o - 4. Let g(h) = h. Calculate g(o).
-1
Let f(s) = -s. Let g(a) = 4*a - 1. Let i(b) = -2*f(b) - g(b). Determine i(4).
-7
Let k(c) be the second derivative of -3*c**5/20 + c**4/4 - c**3/6 + c. Determine k(2).
-14
Let j(b) = b**3 - b**2 - 4*b - 3. Let o be (-4 + 30/9)*3. Determine j(o).
-7
Let d(r) = r + 2*r + 4*r**2 + 0*r - 6*r**2 + 1 - r**3. Let j be -3 + 1*(2 - 2). Determine d(j).
1
Let f(w) = 5*w - 2. Suppose 4*g = g. Suppose g*u - 2*u - 4 = 0. Let k = 4 + u. Calculate f(k).
8
Let w(l) be the third derivative of -l**6/120 - l**5/12 + 5*l**4/24 + l**3/2 - 9*l**2. Calculate w(-6).
9
Let v(g) = g**2 + 5*g + 6. Let u(q) = -3*q**2 - 16*q - 19. Let s(i) = -2*u(i) - 7*v(i). Give s(-5).
-14
Let a be (0 + -2)*(0 + 3). Let q(o) = o + 8. Let j be q(a). Let m(z) = 2 + z - 6 + j. Determine m(3).
1
Let y(j) = 0*j + 0*j + 2*j**2. Let u be y(-1). Suppose u = -m + 5. Let k(b) = b - 7. Calculate k(m).
-4
Let m = 36 - 62. Let b = -5 - m. Suppose -3*j - 9 = -b. Let q(p) = -p**2 + 3*p - 2. Calculate q(j).
-6
Let r(b) = -2 + 1 + b**3 - b - 6*b**3 + 2*b**2 + 4*b**3. Give r(2).
-3
Suppose -w = -2*d - 4*w - 11, -2*w - 2 = 0. Let r(f) = f + 4. Let b(u) = -4*u - 12. Let y(l) = -2*b(l) - 7*r(l). What is y(d)?
-8
Let s(u) = -u**2 - 4*u + 3. Suppose -r - 8 = r. Let g be s(r). Let m(f) = 3 - 1 + 4*f - g*f. Calculate m(2).
4
Let h(c) be the third derivative of 0*c - 4*c**2 - 5/6*c**3 + 0 + 1/24*c**4. What is h(0)?
-5
Let g = 5 + 0. Let p = -4 + g. Let t(h) = -h + 1 + 1 - p. Calculate t(-4).
5
Let y(t) be the first derivative of t**3/3 + t**2/2 - 4*t - 11. Determine y(0).
-4
Let h(b) = b**3 - 5*b**2 - 7*b + 5. Let o = 1 + 1. Suppose -o*s - 18 = -5*s. Calculate h(s).
-1
Let g be 3/6*9*2. Let u(v) = 3 - 9*v**2 + 10 + v - g*v + 53*v**3. Let d(c) = -13*c**3 + 2*c**2 + 2*c - 3. Let w(o) = -9*d(o) - 2*u(o). Give w(1).
10
Let i(w) be the first derivative of w**2/2 + w - 2. Let x(c) = -3*c - 8. Let d(g) = 5*i(g) + x(g). Determine d(3).
3
Suppose 2*p - 4*p + 2 = 0. Suppose -3 - p = 2*u. Let y(o) = 5*o - 1 + 6 - 2. Give y(u).
-7
Let h(b) = b**3 + 3*b**2 + 2*b + 3. Let m(g) = 2*g - 5 + 3 - 5. Let a be m(5). Let d be (-4)/(16/a)*4. Give h(d).
-3
Let g(k) = 2*k + 4. Let d(j) = -j**2 - j + 1. Let c be d(2). Determine g(c).
-6
Let w(y) = 0*y + y**2 - 6 + 24 - y - 2*y**2. Calculate w(0).
18
Let t be (1 - -41)*(-4)/8. Let w be 6/t + 27/21. Let i(f) be the second derivative of f**3/3 - f. Give i(w).
2
Let r(v) = 6 - 180*v**3 - 6*v + 181*v**3 + 5*v**2 + 2*v**2. What is r(-8)?
-10
Suppose 3*m - 5*d + 14 = 0, 0 = -4*m + d - 4*d + 20. Let s(t) = -t - 4*t**3 - 1 + 2*t**2 - 2*t**m + t**2. Give s(-1).
5
Let q(u) be the first derivative of -u**3/3 - 7*u**2/2 - 7*u + 6. Determine q(-5).
3
Let b(v) = -15*v**3 - 3*v**2 - 10*v - 17. Let p(i) = -7*i**3 - i**2 - 5*i - 8. Let n(z) = -6*b(z) + 13*p(z). Calculate n(4).
-6
Let m = -10 - -7. Let r(s) be the second derivative of -3/2*s**2 - 9*s + 0 + 1/3*s**3. Give r(m).
-9
Let c(v) be the second derivative of 5*v**3/6 + 3*v**2 + 2*v. Let z(r) = r**3 + r**2 - 2*r - 4. Let y be z(0). Give c(y).
-14
Let a(j) = 3*j + 4*j**2 + 3*j - 5*j**2 - 9*j + 1. Give a(-3).
1
Let t(p) = -p**3 - 6*p**2 - 6*p. Let r = -19 + 15. What is t(r)?
-8
Let a = 12 - 7. Let v be ((-4)/a)/(2/10). Let o(d) = -d**3 - 3*d**2 + 5*d - 3. Calculate o(v).
-7
Let u(v) be the second derivative of 1/12*v**4 + 0*v**2 - v + 0 + 1/360*v**6 + 0*v**3 + 1/60*v**5. Let w(i) be the third derivative of u(i). Give w(3).
8
Let x = -1 - -6. Let g(b) = -b**2 - 6*b - 1. Let z be g(-5). Let q be ((-8)/x)/(z/(-10)). Let s(m) = m - 1. What is s(q)?
3
Let b(q) be the second derivative of q**4/12 - q**3/2 - 3*q**2/2 - 2*q. Determine b(5).
7
Let q(i) = 2*i + 6. Let v(l) = -l - 5. Suppose -g = 1 - 4. Let t(r) = r - 3. Let a be t(g). Let y be v(a). Calculate q(y).
-4
Let m(n) = 2*n**3 - 4*n**2 - 11*n + 3. Let u(s) = -3*s**3 + 9*s**2 + 21*s - 6. Let a(t) = -5*m(t) - 3*u(t). Give a(-6).
15
Let u(d) = -9*d**3 + 1. Let t(w) = -w - 1. Let n(k) = 2*k + 3. Let f(b) = 3*n(b) + 7*t(b). Let s be f(1). Determine u(s).
-8
Let k(n) be the second derivative of n**5/20 - n**3/3 - n**2/2 + 19*n. Determine k(2).
3
Let m(r) = 4*r**2 - 2*r - 1. Let o(g) = g**2 - g - 2 + 1 + 0*g. Let j(f) = -m(f) + 3*o(f). Determine j(-2).
-4
Suppose u + 4*a + 8 = 0, 4*u + 0*a = -a + 28. Suppose -45 = -5*p + 4*q, -p + 3*q = -12 - u. Let s(m) = m**2 - 5*m + 6. What is s(p)?
6
Let n(x) = -x**2 + 13*x - 15. Let q = -56 - -68. Calculate n(q).
-3
Let j(o) be the first derivative of o**4/6 - 3*o**2/2 + 2. Let s(c) be the second derivative of j(c). Calculate s(-1).
-4
Suppose 0 = -5*g - 3*i + 25, -g + i + 0*i + 5 = 0. Let x(u) = -5 - 1 + 9*u - u**2 - u. Calculate x(g).
9
Suppose 2*b = 3*d + 38, b - 70 = -b - 5*d. Suppose 8*a - b = 3*a. Suppose r = -r + 3*q - 2, 0 = 5*r + a*q - 20. Let f(p) = p**2 - p. Determine f(r).
2
Let x(t) = -t**3 - 1. Let z(g) = 8 - 5 - g + 0. Let n be z(1). Give x(n).
-9
Suppose f - 18 = -3*r - 2*f, -9 = 3*f. Let w(b) = -3 + 2*b**2 + r*b**2 - 8*b - 6*b**2 - 6*b**2. Determine w(-5).
12
Let u(c) be the first derivative of -c**2/2 + 4*c - 28. What is u(5)?
-1
Let c(u) = 2*u + 3 - 2*u**2 - 4*u - 3. Let k be c(1). Let p(g) = g**3 + 4*g**2 - g - 5. Calculate p(k).
-1
Let o(p) = p**3 - 5*p**2 - p + 4. Let t(s) = 4*s**2 + 1. Let r be t(-1). Let h be o(r). Let i be 18/10 + h/(-5). Let q(b) = -2*b + 1. Calculate q(i).
-3
Suppose l - 3 = 0, -3*w - w - 2*l = 10. Let h(x) = x**2 + 5*x + 1. Calculate h(w).
-3
Suppose 7*z - 40 = 2*z. Suppose 10*n = 5*n + 20. Let h(j) = z + j - 5 + n. Determine h(-5).
2
Let z(i) = -i**3 - 2*i**2 + i. Suppose 4*w = -3*r - 5, -w - 13 = -5*r - 6. Give z(w).
-2
Let a be ((-14)/(-21))/((-2)/12). Let r(v) = 0*v + v + 0*v + 3. Give r(a).
-1
Let i be (-1)/(-2)*6/1. Let o(l) be the first derivative of 4 + 5*l - 1/2*l**2. Determine o(i).
2
Let p(c) = 6*c**3 + c**2 - 7*c + 8. Let g(f) = -f**3 + f**2 - 1. Let a(t) = -5*g(t) - p(t). Calculate a(-7).
-3
Suppose -131*u + 130*u = 3. Let x(b) = b**3 + 3*b**2 - 4*b - 1. Calculate x(u).
11
Let i be (-2)/(-8)*-5 - 6/(-24). Let w(z) = z**3 - z - 1. What is w(i)?
-1
Let h(l) = 131*l**2 + 2 - 5*l - 130*l**2 - 3. What is h(6)?
5
Let r = 0 - -2. Suppose r*p - 3 = p. Let s(n) = -4*n + 1. What is s(p)?
-11
Let w(m) = -26*m + 0*m**2 + 50*m + 1 - 22*m - m**2. What is w(4)?
-7
Let a(j) = 3*j**2 + 5*j + 1. Let r(x) = x**2 + x. Let m(t) = -a(t) + 4*r(t). Let k be -8 + 2 + (-1)/((-11)/99). Determine m(k).
5
Let y(n) be the third derivative of -n**6/120 - n**5/10 - n**4/4 - 5*n**3/6 - 6*n**2. Calculate y(-5).
0
Let r(p) = -2*p + 4. Let f(k) = -k + 3. Suppose -5 = 5*i - 2*z + 7*z, -6 = -3*z. Let x(h) = i*f(h) + 2*r(h). What is x(2)?
-3
Let d(a) = 3*a - 2. Let x(c) = 9*c - 5. Let g(n) = 8*d(n) - 3*x(n). Suppose p + 4*u + 18 = 0, -5*p - 3*u -